0?
True
Is 167 a factor of 2436543861?
True
Is 115 a factor of 46795870?
False
Is 105461554 a multiple of 22?
True
Is 17 a factor of 28531117?
True
Is 1541840550 a multiple of 15?
True
Is 564631818 a multiple of 27?
False
Is 14 a factor of 346196228?
True
Is 40 a factor of 2411173120?
True
Is 25 a factor of 2707875?
True
Does 417 divide 446816330?
False
Is 135 a factor of 36423149?
False
Does 149 divide 9620781?
True
Does 1013 divide 148667472?
False
Is 23890872 a multiple of 16?
False
Does 511 divide 2004422135?
False
Is 177 a factor of 2847399?
True
Is 3 a factor of 2246769?
True
Is 10674149 a multiple of 289?
False
Is 606 a factor of 16984968?
True
Is 370088680 a multiple of 76?
False
Is 11 a factor of 146782701?
False
Does 76 divide 102169165?
False
Is 251 a factor of 3461145424?
True
Is 280 a factor of 623203280?
True
Does 130 divide 39428030?
False
Does 17 divide 118873022?
False
Is 633175728 a multiple of 1128?
True
Is 12 a factor of 3047173692?
True
Does 40 divide 584674?
False
Does 12 divide 710478950?
False
Does 202 divide 3675352?
False
Is 6859298453 a multiple of 16?
False
Is 1672872 a multiple of 4?
True
Is 462268 a multiple of 5?
False
Is 1746 a factor of 269451450?
True
Is 140 a factor of 13411160?
True
Does 12 divide 655791940?
False
Is 343878152 a multiple of 1886?
True
Is 22540011 a multiple of 17?
True
Does 612 divide 85957236?
True
Is 936 a factor of 217184691?
False
Does 24 divide 90662195?
False
Does 24 divide 155703874?
False
Is 1779650130 a multiple of 1256?
False
Is 9 a factor of 671554683?
True
Is 49757770 a multiple of 19?
True
Is 291966860 a multiple of 20?
True
Does 217 divide 147715578?
False
Is 1325376741 a multiple of 13?
True
Does 15 divide 837640695?
True
Is 45629688 a multiple of 6?
True
Is 129 a factor of 28256934?
True
Does 594 divide 698081868?
True
Is 936900560 a multiple of 1712?
True
Is 18 a factor of 1200758718?
False
Does 12 divide 272613954?
False
Does 501 divide 5616210?
True
Does 560 divide 139230627?
False
Does 4249 divide 600897829?
True
Is 106 a factor of 116040744?
True
Is 28216453 a multiple of 2?
False
Is 180 a factor of 141316740?
True
Is 285098506 a multiple of 122?
True
Is 4 a factor of 129377259?
False
Is 2112497999 a multiple of 729?
False
Does 2532 divide 104628802?
False
Is 750321210 a multiple of 310?
True
Is 775 a factor of 179419475?
True
Is 6 a factor of 106935252?
True
Is 48 a factor of 4360529500?
False
Is 111 a factor of 5079448220?
False
Does 65 divide 42397868?
False
Is 24 a factor of 47610984?
True
Does 648 divide 2501557227?
False
Is 1469164562 a multiple of 6?
False
Is 19302336 a multiple of 6?
True
Is 157 a factor of 3285539?
True
Does 29 divide 121064125?
True
Does 24 divide 2836840152?
True
Does 564 divide 36798355?
False
Is 7 a factor of 23458801?
False
Does 239 divide 58824592?
True
Is 76607168 a multiple of 187?
True
Is 85448798 a multiple of 10?
False
Is 116 a factor of 3029247?
False
Does 71 divide 38094127?
True
Is 8963184 a multiple of 48?
True
Is 307 a factor of 48438460?
True
Is 2595 a factor of 1983646545?
True
Is 153 a factor of 37843343?
False
Is 2107 a factor of 1345683982?
False
Does 376 divide 2198754376?
True
Is 20620153 a multiple of 79?
False
Is 14 a factor of 524640599?
False
Is 2382 a factor of 7191679705?
False
Is 995 a factor of 2713434968?
False
Does 912 divide 260923961?
False
Does 149 divide 111069773?
False
Does 131 divide 71145806?
False
Is 28874969 a multiple of 19?
False
Is 48 a factor of 99514698?
False
Is 101567100 a multiple of 50?
True
Does 1129 divide 388511557?
False
Does 4646 divide 901301993?
False
Is 48 a factor of 3606514?
False
Does 7664 divide 1073047676?
False
Is 1286 a factor of 258053033?
False
Is 4 a factor of 215747364?
True
Is 2200188420 a multiple of 454?
True
Is 4013737 a multiple of 13?
True
Is 41 a factor of 388707511?
True
Is 876723540 a multiple of 11?
True
Is 43451844 a multiple of 1574?
True
Is 38586924 a multiple of 18?
True
Is 52 a factor of 40520561?
False
Is 13 a factor of 3798951?
True
Does 71 divide 7142884?
True
Is 5601264 a multiple of 48?
True
Is 1705048810 a multiple of 658?
False
Is 7 a factor of 9057573?
True
Is 31 a factor of 1779121496?
True
Is 131784710 a multiple of 1670?
True
Is 934953809 a multiple of 3779?
False
Does 269 divide 1331528749?
True
Does 806 divide 59931757?
False
Is 1935 a factor of 218194470?
True
Is 273 a factor of 334739944?
False
Is 2444 a factor of 1853580026?
False
Is 117 a factor of 326095132?
False
Does 13 divide 310627379?
False
Is 1064 a factor of 1187868170?
False
Is 72990358 a multiple of 14?
True
Does 141 divide 29519835?
False
Is 2924 a factor of 412824940?
True
Is 1869802749 a multiple of 51?
True
Is 132 a factor of 813973248?
True
Is 1537 a factor of 24058661?
True
Does 17 divide 182030407?
True
Is 5 a factor of 1484310649?
False
Is 87 a factor of 327848847?
False
Is 10 a factor of 23017340?
True
Is 9 a factor of 96423?
False
Does 9 divide 344181189?
False
Is 5 a factor of 70984648?
False
Is 453 a factor of 26163577?
False
Is 649692992 a multiple of 1898?
True
Is 11292490 a multiple of 106?
False
Does 1971 divide 367128739?
False
Is 303996861 a multiple of 15?
False
Is 13 a factor of 116935741?
True
Is 113 a factor of 120642294?
False
Is 166 a factor of 651229122?
True
Is 2051 a factor of 567264283?
False
Is 34623220 a multiple of 12?
False
Does 705 divide 24593220?
True
Is 670265190 a multiple of 90?
True
Does 77 divide 34576757?
False
Is 130384049 a multiple of 191?
True
Is 100333550 a multiple of 24?
False
Is 806 a factor of 6215066?
True
Is 59549480 a multiple of 20?
True
Does 56 divide 2310947744?
True
Is 13 a factor of 155609022?
False
Does 7 divide 97907817?
True
Is 123619728 a multiple of 7?
False
Does 4 divide 8479454?
False
Is 33 a factor of 181334538?
True
Is 480953960 a multiple of 399?
False
Is 100905711 a multiple of 13?
False
Is 23 a factor of 37757512?
False
Is 727 a factor of 1383493327?
False
Does 243 divide 496704233?
False
Is 22 a factor of 18985494?
True
Does 9 divide 17160588?
True
Is 2 a factor of 2973136?
True
Is 738916038 a multiple of 42?
True
Is 297593380 a multiple of 244?
True
Is 196692160 a multiple of 1939?
True
Does 157 divide 36633795?
False
Is 2548 a factor of 207047932?
True
Does 103 divide 18293315?
True
Is 22 a factor of 196673046?
False
Does 9 divide 337273599?
False
Is 3261112 a multiple of 28?
False
Does 3279 divide 58071111?
False
Is 40887182 a multiple of 75?
False
Is 102 a factor of 690321989?
False
Is 492 a factor of 65833748?
False
Is 5522348 a multiple of 17?
True
Is 5747780 a multiple of 1180?
True
Is 31993058 a multiple of 989?
False
Is 208 a factor of 39979973?
False
Is 1028128655 a multiple of 27?
False
Is 327 a factor of 6540654?
True
Is 117468858 a multiple of 962?
True
Is 696663864 a multiple of 8?
True
Is 4881742450 a multiple of 50?
True
Is 90565524 a multiple of 32?
False
Is 771 a factor of 32364267?
True
Is 420 a factor of 3432922701?
False
Is 6 a factor of 836006?
False
Is 847243803 a multiple of 21?
True
Is 30709458 a multiple of 13?
True
Is 1490028476 a multiple of 1361?
False
Is 237966510 a multiple of 1173?
True
Is 179 a factor of 689533346?
False
Does 274 divide 37847072?
True
Is 6266079710 a multiple of 22?
True
Is 13657059 a multiple of 123?
True
Is 30 a factor of 1393200?
True
Is 32 a factor of 28837717?
False
Is 10172273 a multiple of 196?
False
Is 1022742870 a multiple of 921?
True
Does 85 divide 222368909?
False
Does 3476 divide 166280621?
False
Does 3 divide 22408750?
False
Does 5 divide 72214695?
True
Is 42 a factor of 3283685656?
False
Does 46 divide 1929186088?
True
Does 48 divide 5345330?
False
Is 34 a factor of 883827314?
True
Is 4218463 even?
False
Does 498 divide 53172415?
False
Is 37468353 a multiple of 1046?
False
Is 5 a factor of 270825702?
False
Does 26 divide 214422416?
True
Does 90 divide 21576330?
True
Does 576 divide 34168294?
False
Is 491 a factor of 321305981?
True
Is 257050880 a multiple of 340?
True
Is 198107880 a multiple of 146?
False
Does 45 divide 117087885?
True
Is 12 a factor of 11930067?
False
Does 185 divide 15418825?
True
Is 965962293 a multiple of 111?
True
Is 16 a factor of 52305952?
True
Is 20 a factor of 116711929?
False
Is 458 a factor of 108242796?
False
Is 10600